when 73 is divided by t(8).
16
Suppose -4*m + 8 = -n, -5*n + 4*m + 16 = -2*n. Let i = 51 + -31. Let s = 55 - i. Calculate the remainder when s is divided by n.
11
What is the remainder when (1/1)/(-1) - -23 is divided by 13?
9
Let l be 2*(-1)/(-2)*3. Suppose -2*v + 34 = 3*g - g, 0 = 5*v + l*g - 87. Calculate the remainder when 53 is divided by v.
17
Let w(a) = -a**2 + 10*a + 2. Let o be -14*1*(-3)/6. Calculate the remainder when w(o) is divided by 13.
10
Let p = 8 + -6. Calculate the remainder when 15 is divided by (2/(-3))/(p/(-27)).
6
Suppose -8*u + 741 + 219 = 0. What is the remainder when u is divided by 61?
59
Let d(x) = 3*x**3 + 3*x**2 + 2*x + 4. What is the remainder when d(3) is divided by 40?
38
Let r(l) be the third derivative of 0 - 2/15*l**6 + 1/6*l**3 + 0*l + 1/60*l**5 + 2*l**2 + 1/24*l**4. What is the remainder when 49 is divided by r(-1)?
15
Let j = 79 - 63. Suppose -a - a + 4 = 0. What is the remainder when (15/a - 0)*4 is divided by j?
14
Calculate the remainder when 66 is divided by (-5)/(-15) + 68/3.
20
Let n(f) = -4*f. Let j be n(-1). Suppose j*t - 6 = t. What is the remainder when ((-69)/6)/(t/(-4)) is divided by 12?
11
Suppose -9*a = -4*a. Suppose -2*l - 2*g + 28 = a, 5*l - 14 = 4*l + 5*g. What is the remainder when (58 - 4)*2/4 is divided by l?
13
Let c(q) = 9*q - 1. Let w be c(1). Suppose -w = -u + 1. Suppose 51 = 6*t - 3*t. Calculate the remainder when t is divided by u.
8
Calculate the remainder when 62 is divided by 1/((-132)/(-64) + -2).
14
Suppose 37*l = 44*l - 70. What is the remainder when 19 is divided by l?
9
Suppose -s = -2*v - 25, 4*s - 34 = -3*v + 22. What is the remainder when s is divided by 6?
5
Suppose 4*u = 3*g + 294, 4*g = 5*u - u - 396. Let o be (-3)/(2 + 213/g). Suppose o + 16 = 5*v. What is the remainder when 19 is divided by v?
9
Suppose -2*h = -6*h + 168. Suppose 0*l = -3*l - h. What is the remainder when (l/(-3))/(8/12) is divided by 4?
3
Suppose -y + 16 + 9 = 0. Let r = 40 - y. What is the remainder when r is divided by 2/7 + (-80)/(-14)?
3
Suppose -51 = 3*n - 2*u - 17, -5*u = 3*n + 20. Let v = n + 19. Calculate the remainder when 24 is divided by v.
6
Let l = 3 + 2. Suppose 7 = p - 2*o - l, 0 = -3*p - 5*o + 25. What is the remainder when 18 is divided by p?
8
Let p be (0 + 1)/(2/(-84)). Let v = p - -164. Suppose 3*y + r - v = 0, 0 = 5*r + 3 + 2. What is the remainder when y is divided by 14?
13
Suppose 2*t - 28 + 22 = 0. Let q(g) = -2*g - 5. Calculate the remainder when q(-5) is divided by t.
2
Suppose 7 = 2*s - 9. Suppose -s - 12 = -5*q. Suppose 0*j + j = -3*c + 184, -q*j = -2*c + 118. Calculate the remainder when c is divided by 21.
19
Suppose -5*o = 2*i - 40, 2*i - 35 = -o + 7*i. Let h = 111 - 95. What is the remainder when h is divided by o?
6
Let d(g) = -2*g + 3. Suppose 3*i + r = -0*r - 15, -1 = i - r. Calculate the remainder when 21 is divided by d(i).
10
Let x be (-5)/(15/(-24)) + -2. Suppose -3*g + 3 = -x. Suppose 5*u = g*u + 40. What is the remainder when 39 is divided by u?
19
Suppose 5 = 3*b - 4. What is the remainder when 7 + 3 + -4 - 2 is divided by b?
1
Suppose 0 = -36*g + 41*g - 30. Calculate the remainder when g is divided by 3.
0
Let b = 75 + 8. What is the remainder when b is divided by 43?
40
Let c = -7 - -11. Calculate the remainder when 4 is divided by 2*3*c/8.
1
Let t(o) = o**2 - 6*o + 1. Let j be t(6). Let g(s) = 20*s**3 - s**2. Calculate the remainder when 35 is divided by g(j).
16
Let o be (-16 - -2)*(-35)/14. Suppose 3*n + 0*n + 30 = 0. What is the remainder when 40 is divided by (8/(-2))/(n/o)?
12
Let h = 0 + -5. Let v = h - -7. Let u = 3 + -1. Calculate the remainder when u is divided by v.
0
Suppose 0 = q + 3*q - 252. Let p(r) = 3*r + 4. Calculate the remainder when q is divided by p(4).
15
Suppose 8 = 4*p, -2*u + 2*p - 2 = -0. Let a(g) = g**2 + g + 3. Calculate the remainder when (2 - 3/u)*-17 is divided by a(-3).
8
Suppose 2*o + 0*o - 52 = 0. Let s = -18 + o. Let u = -1 + s. Calculate the remainder when 12 is divided by u.
5
What is the remainder when (-798)/(-245)*5 + 4/(-14) is divided by 8?
0
Let s = -23 - -51. Suppose 7*t = 8*t - s. Let v = t - 13. What is the remainder when 58 is divided by v?
13
Let z be ((-3 - 0)*-1)/3. Suppose -z = u - 6. Suppose 1 + 1 = 2*w, -4*d = -u*w - 55. What is the remainder when 28 is divided by d?
13
Let y = 61 + -57. Calculate the remainder when 37 is divided by y.
1
Let r(d) = 2*d**2 - d - 1. Let c be r(2). Suppose -c*u - 30 = -t, t - u = -3*t + 44. What is the remainder when t is divided by (2/(-5))/(3/(-30))?
2
Suppose -3*j + 39 = s - 3*s, -5*j = -4*s - 65. Suppose 0 = 5*h - 2*h + 39. Let z = 20 + h. What is the remainder when j is divided by z?
6
Let m(f) = -f**3 + 2*f**3 + 10 + 19. Let b be m(0). Suppose -3*i - b = -86. Calculate the remainder when i is divided by 10.
9
Let z(l) = 4*l. Let u = -75 - -120. Calculate the remainder when u is divided by z(2).
5
Let g = -28 + 76. Calculate the remainder when g is divided by 14.
6
Suppose -b - 5 = 0, 3*s = -s - 2*b - 90. Let f = s - -25. Calculate the remainder when 16 is divided by f.
1
Suppose -2*g + 38 = -4*z, -45 = -3*g + z + 2*z. Let r = 27 + 4. What is the remainder when r is divided by g?
9
Suppose 16 = 4*p - 12. Calculate the remainder when 1/1 + 72/4 is divided by p.
5
Let w = 177 - -141. Suppose -11*o = -14*o + w. Calculate the remainder when o is divided by 27.
25
Suppose -5*v = -3*v + k, 4*v - 2*k = 0. Suppose v = -2*m + 5*m - 3. Calculate the remainder when 0 - m*(-6)/3 is divided by 1.
0
Let a = -1 + 3. Suppose a*i - 40 = -4*c, 5*c + 1 = i - 5. Calculate the remainder when 46 is divided by i.
14
Let x(m) = m**3 - m**2 + m + 2. Let r be x(0). Suppose 3*c + 8 = 2*c. Let v = r - c. What is the remainder when 28 is divided by v?
8
Let p be (-722)/(-6) - (-6)/9. Let i = 72 - p. What is the remainder when i*(-1 + -2)/3 is divided by 13?
10
Let r(c) = 35*c**2 - 2*c + 2. Let n(g) = -g**3 - 3*g**2 - 4*g. Let p(t) = -t**2 - 6*t - 3. Let b be p(-6). What is the remainder when r(1) is divided by n(b)?
11
Suppose -2*s - z + 62 = -9, -112 = -4*s + 4*z. Calculate the remainder when 96 is divided by s.
30
Suppose -m - t = -11, -4*m + 47 = -0*m + 3*t. Let n(r) = 14*r - 2. Calculate the remainder when n(3) is divided by m.
12
Suppose -5*p = 4*t - 7*t + 16, 4*p - 28 = -t. Let y(v) = 4*v + 59. What is the remainder when y(-9) is divided by t?
11
Let u(a) = -a - 11. Let n be u(0). Let o = 16 + n. What is the remainder when (-10)/45 - (110/(-9) - 1) is divided by o?
3
Suppose 0 = 5*q - 4*z - 180, -135 = -5*q - 5*z - 0*z. Calculate the remainder when q is divided by 14.
4
Let g = 0 + 3. Suppose 2*d - 2*y = -5*y + 128, -5*d + g*y = -278. Suppose -2*h + 5*x = -d, 74 = 3*h + x - 2*x. What is the remainder when h is divided by 13?
11
Let b = -2 - -4. Suppose b*i + 4*u = -2*i + 60, 4*u - 72 = -5*i. What is the remainder when 34 is divided by i?
10
Let i be -1 - (-2 + 0 + 0). Let h = i - 1. Suppose h = 4*f - 9 - 15. What is the remainder when 10 is divided by f?
4
Let x be ((-42)/4 + 1)*-2. Let n = x - 13. Let p = n - 0. What is the remainder when 17 is divided by p?
5
Suppose 5*o = 2*x + 7, 0*x - 5*o + 16 = -x. What is the remainder when 79 is divided by x?
7
Calculate the remainder when 79 - (-30)/(-25)*10/(-4) is divided by 12.
10
Let z = 24 - 7. What is the remainder when 4 - (-76)/(-16) - 2030/(-40) is divided by z?
16
Let z = 67 - 45. Suppose 5*j - 8 - z = 0. Let a(x) = -x**2 - 10*x - 10. Calculate the remainder when a(-7) is divided by j.
5
Let n = 57 - 48. What is the remainder when 9 is divided by n?
0
Let y(h) be the third derivative of -h**5/60 + h**4/4 + h**3/3 + h**2. Let p be y(7). Let o(q) = -q + 2. What is the remainder when 12 is divided by o(p)?
5
Let n(a) = a**2 - a + 1. Let x be n(2). Suppose -x*s + 3*q + 42 = 0, -2*s + 5*q = -0*s - 16. Let f = 28 - s. Calculate the remainder when f is divided by 6.
4
Let d(r) = -r**3 - r**2 - 4*r - 4. Calculate the remainder when d(-3) is divided by 7.
5
Suppose 14 = -3*g + 59. What is the remainder when 1152/20 + 6/(-10) is divided by g?
12
Suppose -4*i + 21 = z - 35, -2*z + 28 = 2*i. What is the remainder when 35 is divided by i?
7
Let l be 18/(-45) - 127/(-5). Suppose w = 6*w - l. What is the remainder when (26/8)/(1/4) is divided b